{"id":232,"date":"2023-12-22T07:16:25","date_gmt":"2023-12-22T06:16:25","guid":{"rendered":"https:\/\/daniescolano.com\/?post_type=proyecto&#038;p=232"},"modified":"2024-05-28T12:50:05","modified_gmt":"2024-05-28T10:50:05","slug":"jazz-for-kids","status":"publish","type":"proyecto","link":"https:\/\/daniescolano.com\/en\/proyecto\/jazz-for-kids\/","title":{"rendered":"Jazz for Kids"},"content":{"rendered":"<p><strong>Jazz for Kids<\/strong> es un proyecto educativo nacido en el medio rural oscense por el que han pasado ya m\u00e1s de 250 alumnos de toda la geograf\u00eda aragonesa. Lleva m\u00e1s de una d\u00e9cada acercando este g\u00e9nero a los m\u00e1s j\u00f3venes con distintas actividades musical como masteclass, encuentros, conciertos, organizaci\u00f3n de ciclos de jazz, grabaciones y muchas actividades m\u00e1s distribuidas durante todo el a\u00f1o.<\/p>\n<p>Hemos realizado m\u00e1s de 100 conciertos y actividades musicales <strong>en Espa\u00f1a, Europa y Estados Unidos<\/strong>. Conciertos en <strong>Hulst (Holanda<\/strong>), en <strong>Nueva York\u00a0<\/strong>en el\u00a0 encuentro con la <strong>Jazz Foundation of America<\/strong>, o en varios conciertos en<strong> Puerto Rico <\/strong>. Tambi\u00e9n hemos participado en distintos festivales nacionales como el Musiquem de Lleida, el Feminajazz de Madrid, el Almerijazz de Almer\u00eda, el Festival de Jazz de Getxo, en Pa\u00eds Vasco o el Festival de Jazz de C\u00e1diz.<\/p>\n<p>Adem\u00e1s, hemos actuado por todo Arag\u00f3n, en citas tan importantes como el Festival de jazz de Zaragoza en todas sus ediciones desde 2017, en el Festival Huesca es Jazz, el Festival Jazz Teruel, Festival Internacional de Jazz de Barbastro, Club de Jazz en Jaca, Ideal Jazz Festival en Bin\u00e9far, Trobada de Swing en Fonz, Festival Toacndo el Cielo en Panticosa,Festival Jazz al Margen o Festival Pirineos Sur.<\/p>\n<p>Tambi\u00e9n estamos representados en <strong>ferias nacionales e internacionales <\/strong>como en la feria m\u00e1s importante de Europa: <strong>Jazz Ahead <\/strong>en Bremen (Alemania) con la Plataforma Jazz Espa\u00f1a, la <strong>Fira B <\/strong>en Palma de Mallorca <strong>o Jazz I Am <\/strong>en Barcelona y hemos desarrollado encuentros con otros centros de formaci\u00f3n musical, como el Proyecto HU2. Holanda-Huesca, o el encuentro de alumnos de Sedajazz (Valencia) y Clasijazz (Almer\u00eda) en Almer\u00eda.<\/p>\n<p>En este tiempo hemos recibido galardones por nuestro trabajo, como el Premio Agitador Cultural 2021, de los Premios de la M\u00fasica Aragonesa, o el premio de Cultura de los Premios Altoaragoneses del a\u00f1o 2023.<\/p>\n","protected":false},"featured_media":478,"parent":0,"template":"","meta":{"site-sidebar-layout":"default","site-content-layout":"","ast-site-content-layout":"default","site-content-style":"default","site-sidebar-style":"default","ast-global-header-display":"","ast-banner-title-visibility":"","ast-main-header-display":"","ast-hfb-above-header-display":"","ast-hfb-below-header-display":"","ast-hfb-mobile-header-display":"","site-post-title":"","ast-breadcrumbs-content":"","ast-featured-img":"","footer-sml-layout":"","theme-transparent-header-meta":"default","adv-header-id-meta":"","stick-header-meta":"","header-above-stick-meta":"","header-main-stick-meta":"","header-below-stick-meta":"","astra-migrate-meta-layouts":"set","ast-page-background-enabled":"default","ast-page-background-meta":{"desktop":{"background-color":"var(--ast-global-color-4)","background-image":"","background-repeat":"repeat","background-position":"center center","background-size":"auto","background-attachment":"scroll","background-type":"","background-media":"","overlay-type":"","overlay-color":"","overlay-gradient":""},"tablet":{"background-color":"","background-image":"","background-repeat":"repeat","background-position":"center center","background-size":"auto","background-attachment":"scroll","background-type":"","background-media":"","overlay-type":"","overlay-color":"","overlay-gradient":""},"mobile":{"background-color":"","background-image":"","background-repeat":"repeat","background-position":"center center","background-size":"auto","background-attachment":"scroll","background-type":"","background-media":"","overlay-type":"","overlay-color":"","overlay-gradient":""}},"ast-content-background-meta":{"desktop":{"background-color":"var(--ast-global-color-5)","background-image":"","background-repeat":"repeat","background-position":"center center","background-size":"auto","background-attachment":"scroll","background-type":"","background-media":"","overlay-type":"","overlay-color":"","overlay-gradient":""},"tablet":{"background-color":"var(--ast-global-color-5)","background-image":"","background-repeat":"repeat","background-position":"center center","background-size":"auto","background-attachment":"scroll","background-type":"","background-media":"","overlay-type":"","overlay-color":"","overlay-gradient":""},"mobile":{"background-color":"var(--ast-global-color-5)","background-image":"","background-repeat":"repeat","background-position":"center center","background-size":"auto","background-attachment":"scroll","background-type":"","background-media":"","overlay-type":"","overlay-color":"","overlay-gradient":""}}},"tipo-de-proyecto":[10,9],"acf":[],"yoast_head":"<!-- This site is optimized with the Yoast SEO plugin v21.7 - https:\/\/yoast.com\/wordpress\/plugins\/seo\/ -->\n<title>Jazz for Kids - Dani Escolano<\/title>\n<meta name=\"robots\" content=\"index, follow, max-snippet:-1, max-image-preview:large, max-video-preview:-1\" \/>\n<link rel=\"canonical\" href=\"https:\/\/daniescolano.com\/en\/proyecto\/jazz-for-kids\/\" \/>\n<meta property=\"og:locale\" content=\"en_US\" \/>\n<meta property=\"og:type\" content=\"article\" \/>\n<meta property=\"og:title\" content=\"Jazz for Kids - Dani Escolano\" \/>\n<meta property=\"og:description\" content=\"Jazz for Kids es un proyecto educativo nacido en el medio rural oscense por el que han pasado ya m\u00e1s de 250 alumnos de toda la geograf\u00eda aragonesa. Lleva m\u00e1s de una d\u00e9cada acercando este g\u00e9nero a los m\u00e1s j\u00f3venes con distintas actividades musical como masteclass, encuentros, conciertos, organizaci\u00f3n de ciclos de jazz, grabaciones y [&hellip;]\" \/>\n<meta property=\"og:url\" content=\"https:\/\/daniescolano.com\/en\/proyecto\/jazz-for-kids\/\" \/>\n<meta property=\"og:site_name\" content=\"Dani Escolano\" \/>\n<meta property=\"article:modified_time\" content=\"2024-05-28T10:50:05+00:00\" \/>\n<meta property=\"og:image\" content=\"https:\/\/daniescolano.com\/wp-content\/uploads\/2023\/12\/foto-jazz-for-kids-scaled.jpg\" \/>\n\t<meta property=\"og:image:width\" content=\"2560\" \/>\n\t<meta property=\"og:image:height\" content=\"1703\" \/>\n\t<meta property=\"og:image:type\" content=\"image\/jpeg\" \/>\n<meta name=\"twitter:card\" content=\"summary_large_image\" \/>\n<meta name=\"twitter:label1\" content=\"Est. reading time\" \/>\n\t<meta name=\"twitter:data1\" content=\"2 minutes\" \/>\n<script type=\"application\/ld+json\" class=\"yoast-schema-graph\">{\"@context\":\"https:\/\/schema.org\",\"@graph\":[{\"@type\":\"WebPage\",\"@id\":\"https:\/\/daniescolano.com\/en\/proyecto\/jazz-for-kids\/\",\"url\":\"https:\/\/daniescolano.com\/en\/proyecto\/jazz-for-kids\/\",\"name\":\"Jazz for Kids - Dani Escolano\",\"isPartOf\":{\"@id\":\"https:\/\/daniescolano.com\/en\/#website\"},\"datePublished\":\"2023-12-22T06:16:25+00:00\",\"dateModified\":\"2024-05-28T10:50:05+00:00\",\"breadcrumb\":{\"@id\":\"https:\/\/daniescolano.com\/en\/proyecto\/jazz-for-kids\/#breadcrumb\"},\"inLanguage\":\"en-US\",\"potentialAction\":[{\"@type\":\"ReadAction\",\"target\":[\"https:\/\/daniescolano.com\/en\/proyecto\/jazz-for-kids\/\"]}]},{\"@type\":\"BreadcrumbList\",\"@id\":\"https:\/\/daniescolano.com\/en\/proyecto\/jazz-for-kids\/#breadcrumb\",\"itemListElement\":[{\"@type\":\"ListItem\",\"position\":1,\"name\":\"Portada\",\"item\":\"https:\/\/daniescolano.com\/en\/\"},{\"@type\":\"ListItem\",\"position\":2,\"name\":\"Proyectos\",\"item\":\"https:\/\/daniescolano.com\/en\/proyecto\/\"},{\"@type\":\"ListItem\",\"position\":3,\"name\":\"Jazz for Kids\"}]},{\"@type\":\"WebSite\",\"@id\":\"https:\/\/daniescolano.com\/en\/#website\",\"url\":\"https:\/\/daniescolano.com\/en\/\",\"name\":\"Dani Escolano\",\"description\":\"M\u00fasico - Jazz\",\"potentialAction\":[{\"@type\":\"SearchAction\",\"target\":{\"@type\":\"EntryPoint\",\"urlTemplate\":\"https:\/\/daniescolano.com\/en\/?s={search_term_string}\"},\"query-input\":\"required name=search_term_string\"}],\"inLanguage\":\"en-US\"}]}<\/script>\n<!-- \/ Yoast SEO plugin. -->","yoast_head_json":{"title":"Jazz for Kids - Dani Escolano","robots":{"index":"index","follow":"follow","max-snippet":"max-snippet:-1","max-image-preview":"max-image-preview:large","max-video-preview":"max-video-preview:-1"},"canonical":"https:\/\/daniescolano.com\/en\/proyecto\/jazz-for-kids\/","og_locale":"en_US","og_type":"article","og_title":"Jazz for Kids - Dani Escolano","og_description":"Jazz for Kids es un proyecto educativo nacido en el medio rural oscense por el que han pasado ya m\u00e1s de 250 alumnos de toda la geograf\u00eda aragonesa. Lleva m\u00e1s de una d\u00e9cada acercando este g\u00e9nero a los m\u00e1s j\u00f3venes con distintas actividades musical como masteclass, encuentros, conciertos, organizaci\u00f3n de ciclos de jazz, grabaciones y [&hellip;]","og_url":"https:\/\/daniescolano.com\/en\/proyecto\/jazz-for-kids\/","og_site_name":"Dani Escolano","article_modified_time":"2024-05-28T10:50:05+00:00","og_image":[{"width":2560,"height":1703,"url":"https:\/\/daniescolano.com\/wp-content\/uploads\/2023\/12\/foto-jazz-for-kids-scaled.jpg","type":"image\/jpeg"}],"twitter_card":"summary_large_image","twitter_misc":{"Est. reading time":"2 minutes"},"schema":{"@context":"https:\/\/schema.org","@graph":[{"@type":"WebPage","@id":"https:\/\/daniescolano.com\/en\/proyecto\/jazz-for-kids\/","url":"https:\/\/daniescolano.com\/en\/proyecto\/jazz-for-kids\/","name":"Jazz for Kids - Dani Escolano","isPartOf":{"@id":"https:\/\/daniescolano.com\/en\/#website"},"datePublished":"2023-12-22T06:16:25+00:00","dateModified":"2024-05-28T10:50:05+00:00","breadcrumb":{"@id":"https:\/\/daniescolano.com\/en\/proyecto\/jazz-for-kids\/#breadcrumb"},"inLanguage":"en-US","potentialAction":[{"@type":"ReadAction","target":["https:\/\/daniescolano.com\/en\/proyecto\/jazz-for-kids\/"]}]},{"@type":"BreadcrumbList","@id":"https:\/\/daniescolano.com\/en\/proyecto\/jazz-for-kids\/#breadcrumb","itemListElement":[{"@type":"ListItem","position":1,"name":"Portada","item":"https:\/\/daniescolano.com\/en\/"},{"@type":"ListItem","position":2,"name":"Proyectos","item":"https:\/\/daniescolano.com\/en\/proyecto\/"},{"@type":"ListItem","position":3,"name":"Jazz for Kids"}]},{"@type":"WebSite","@id":"https:\/\/daniescolano.com\/en\/#website","url":"https:\/\/daniescolano.com\/en\/","name":"Dani Escolano","description":"M\u00fasico - Jazz","potentialAction":[{"@type":"SearchAction","target":{"@type":"EntryPoint","urlTemplate":"https:\/\/daniescolano.com\/en\/?s={search_term_string}"},"query-input":"required name=search_term_string"}],"inLanguage":"en-US"}]}},"_links":{"self":[{"href":"https:\/\/daniescolano.com\/en\/wp-json\/wp\/v2\/proyecto\/232"}],"collection":[{"href":"https:\/\/daniescolano.com\/en\/wp-json\/wp\/v2\/proyecto"}],"about":[{"href":"https:\/\/daniescolano.com\/en\/wp-json\/wp\/v2\/types\/proyecto"}],"wp:featuredmedia":[{"embeddable":true,"href":"https:\/\/daniescolano.com\/en\/wp-json\/wp\/v2\/media\/478"}],"wp:attachment":[{"href":"https:\/\/daniescolano.com\/en\/wp-json\/wp\/v2\/media?parent=232"}],"wp:term":[{"taxonomy":"tipo-de-proyecto","embeddable":true,"href":"https:\/\/daniescolano.com\/en\/wp-json\/wp\/v2\/tipo-de-proyecto?post=232"}],"curies":[{"name":"wp","href":"https:\/\/api.w.org\/{rel}","templated":true}]}}

<p><strong>Jazz for Kids</strong> es un proyecto educativo nacido en el medio rural oscense por el que han pasado ya más de 250 alumnos de toda la geografía aragonesa. Lleva más de una década acercando este género a los más jóvenes con distintas actividades musical como masteclass, encuentros, conciertos, organización de ciclos de jazz, grabaciones y muchas actividades más distribuidas durante todo el año.</p>
<p>Hemos realizado más de 100 conciertos y actividades musicales <strong>en España, Europa y Estados Unidos</strong>. Conciertos en <strong>Hulst (Holanda</strong>), en <strong>Nueva York </strong>en el  encuentro con la <strong>Jazz Foundation of America</strong>, o en varios conciertos en<strong> Puerto Rico </strong>. También hemos participado en distintos festivales nacionales como el Musiquem de Lleida, el Feminajazz de Madrid, el Almerijazz de Almería, el Festival de Jazz de Getxo, en País Vasco o el Festival de Jazz de Cádiz.</p>
<p>Además, hemos actuado por todo Aragón, en citas tan importantes como el Festival de jazz de Zaragoza en todas sus ediciones desde 2017, en el Festival Huesca es Jazz, el Festival Jazz Teruel, Festival Internacional de Jazz de Barbastro, Club de Jazz en Jaca, Ideal Jazz Festival en Binéfar, Trobada de Swing en Fonz, Festival Toacndo el Cielo en Panticosa,Festival Jazz al Margen o Festival Pirineos Sur.</p>
<p>También estamos representados en <strong>ferias nacionales e internacionales </strong>como en la feria más importante de Europa: <strong>Jazz Ahead </strong>en Bremen (Alemania) con la Plataforma Jazz España, la <strong>Fira B </strong>en Palma de Mallorca <strong>o Jazz I Am </strong>en Barcelona y hemos desarrollado encuentros con otros centros de formación musical, como el Proyecto HU2. Holanda-Huesca, o el encuentro de alumnos de Sedajazz (Valencia) y Clasijazz (Almería) en Almería.</p>
<p>En este tiempo hemos recibido galardones por nuestro trabajo, como el Premio Agitador Cultural 2021, de los Premios de la Música Aragonesa, o el premio de Cultura de los Premios Altoaragoneses del año 2023.</p>

<!-- This site is optimized with the Yoast SEO plugin v21.7 - https://yoast.com/wordpress/plugins/seo/ -->
<title>Jazz for Kids - Dani Escolano</title>
<meta name="robots" content="index, follow, max-snippet:-1, max-image-preview:large, max-video-preview:-1" />
<link rel="canonical" href="https://daniescolano.com/en/proyecto/jazz-for-kids/" />
<meta property="og:locale" content="en_US" />
<meta property="og:type" content="article" />
<meta property="og:title" content="Jazz for Kids - Dani Escolano" />
<meta property="og:description" content="Jazz for Kids es un proyecto educativo nacido en el medio rural oscense por el que han pasado ya más de 250 alumnos de toda la geografía aragonesa. Lleva más de una década acercando este género a los más jóvenes con distintas actividades musical como masteclass, encuentros, conciertos, organización de ciclos de jazz, grabaciones y [&hellip;]" />
<meta property="og:url" content="https://daniescolano.com/en/proyecto/jazz-for-kids/" />
<meta property="og:site_name" content="Dani Escolano" />
<meta property="article:modified_time" content="2024-05-28T10:50:05+00:00" />
<meta property="og:image" content="https://daniescolano.com/wp-content/uploads/2023/12/foto-jazz-for-kids-scaled.jpg" />
	<meta property="og:image:width" content="2560" />
	<meta property="og:image:height" content="1703" />
	<meta property="og:image:type" content="image/jpeg" />
<meta name="twitter:card" content="summary_large_image" />
<meta name="twitter:label1" content="Est. reading time" />
	<meta name="twitter:data1" content="2 minutes" />
<script type="application/ld+json" class="yoast-schema-graph">{"@context":"https://schema.org","@graph":[{"@type":"WebPage","@id":"https://daniescolano.com/en/proyecto/jazz-for-kids/","url":"https://daniescolano.com/en/proyecto/jazz-for-kids/","name":"Jazz for Kids - Dani Escolano","isPartOf":{"@id":"https://daniescolano.com/en/#website"},"datePublished":"2023-12-22T06:16:25+00:00","dateModified":"2024-05-28T10:50:05+00:00","breadcrumb":{"@id":"https://daniescolano.com/en/proyecto/jazz-for-kids/#breadcrumb"},"inLanguage":"en-US","potentialAction":[{"@type":"ReadAction","target":["https://daniescolano.com/en/proyecto/jazz-for-kids/"]}]},{"@type":"BreadcrumbList","@id":"https://daniescolano.com/en/proyecto/jazz-for-kids/#breadcrumb","itemListElement":[{"@type":"ListItem","position":1,"name":"Portada","item":"https://daniescolano.com/en/"},{"@type":"ListItem","position":2,"name":"Proyectos","item":"https://daniescolano.com/en/proyecto/"},{"@type":"ListItem","position":3,"name":"Jazz for Kids"}]},{"@type":"WebSite","@id":"https://daniescolano.com/en/#website","url":"https://daniescolano.com/en/","name":"Dani Escolano","description":"Músico - Jazz","potentialAction":[{"@type":"SearchAction","target":{"@type":"EntryPoint","urlTemplate":"https://daniescolano.com/en/?s={search_term_string}"},"query-input":"required name=search_term_string"}],"inLanguage":"en-US"}]}</script>
<!-- / Yoast SEO plugin. -->

Jazz for Kids es un proyecto educativo nacido en el medio rural oscense por el que han pasado ya más de 250 alumnos de toda la geografía aragonesa. Lleva más de una década acercando este género a los más jóvenes con distintas actividades musical como masteclass, encuentros, conciertos, organización de ciclos de jazz, grabaciones y [&hellip;]

Músico - Jazz
